s digit of 199866214?
1
What is the thousands digit of 1470388962?
8
What is the ten millions digit of 95053856?
9
What is the hundred millions digit of 253882101?
2
What is the hundred thousands digit of 3442253910?
2
What is the hundred thousands digit of 43023507?
0
What is the hundred thousands digit of 321940555?
9
What is the thousands digit of 2932334283?
4
What is the tens digit of 2952009105?
0
What is the hundreds digit of 326584911?
9
What is the ten millions digit of 15806907?
1
What is the tens digit of 4069136844?
4
What is the thousands digit of 254968646?
8
What is the millions digit of 48170048?
8
What is the hundred millions digit of 385246245?
3
What is the ten millions digit of 56603247?
5
What is the hundreds digit of 156371836?
8
What is the ten millions digit of 89963072?
8
What is the millions digit of 421309576?
1
What is the units digit of 123125593?
3
What is the ten thousands digit of 322508114?
0
What is the units digit of 2819652344?
4
What is the ten thousands digit of 329440436?
4
What is the thousands digit of 65217349?
7
What is the tens digit of 299091192?
9
What is the ten millions digit of 153030275?
5
What is the ten millions digit of 826586408?
2
What is the hundred thousands digit of 702981073?
9
What is the millions digit of 7349289?
7
What is the ten millions digit of 82866293?
8
What is the millions digit of 412146477?
2
What is the ten thousands digit of 937923139?
2
What is the tens digit of 1679329051?
5
What is the units digit of 83814964?
4
What is the thousands digit of 265105740?
5
What is the millions digit of 85760605?
5
What is the units digit of 106044782?
2
What is the ten thousands digit of 693112531?
1
What is the millions digit of 86900773?
6
What is the ten millions digit of 3457755416?
5
What is the billions digit of 1203354251?
1
What is the units digit of 26014959?
9
What is the hundreds digit of 823050580?
5
What is the units digit of 714333091?
1
What is the hundred thousands digit of 704206964?
2
What is the tens digit of 190590922?
2
What is the ten millions digit of 37975876?
3
What is the units digit of 216463068?
8
What is the tens digit of 1182580934?
3
What is the hundred millions digit of 2474895613?
4
What is the ten thousands digit of 3880684154?
8
What is the hundred thousands digit of 3888342728?
3
What is the units digit of 1273406910?
0
What is the ten thousands digit of 92454100?
5
What is the hundred thousands digit of 3161098592?
0
What is the thousands digit of 2209356621?
6
What is the units digit of 253407467?
7
What is the ten millions digit of 1478264039?
7
What is the ten millions digit of 2145231786?
4
What is the hundred thousands digit of 75389172?
3
What is the tens digit of 530460414?
1
What is the ten thousands digit of 518124111?
2
What is the tens digit of 32468339?
3
What is the hundred thousands digit of 1032686246?
6
What is the hundred thousands digit of 528188840?
1
What is the hundred millions digit of 1316805343?
3
What is the millions digit of 58410933?
8
What is the units digit of 120678429?
9
What is the millions digit of 380388108?
0
What is the billions digit of 6061269196?
6
What is the hundred thousands digit of 6253827005?
8
What is the millions digit of 355238832?
5
What is the thousands digit of 65228645?
8
What is the hundred thousands digit of 8609425?
6
What is the ten thousands digit of 49347218?
4
What is the units digit of 2810094953?
3
What is the ten millions digit of 83980793?
8
What is the thousands digit of 6891673205?
3
What is the units digit of 80413769?
9
What is the thousands digit of 112108436?
8
What is the hundred thousands digit of 582062699?
0
What is the thousands digit of 33046161?
6
What is the thousands digit of 935898493?
8
What is the ten millions digit of 313496289?
1
What is the units digit of 230907923?
3
What is the units digit of 52491262?
2
What is the hundred thousands digit of 37786041?
7
What is the billions digit of 6420433586?
6
What is the hundreds digit of 66859307?
3
What is the ten millions digit of 250761082?
5
What is the ten thousands digit of 152984482?
8
What is the ten millions digit of 41124152?
4
What is the hundred thousands digit of 6484909?
4
What is the hundreds digit of 62340660?
6
What is the units digit of 70900868?
8
What is the billions digit of 8390685350?
8
What is the millions digit of 283785198?
3
What is the hundreds digit of 168443644?
6
What is the thousands digit of 151994545?
4
What is the hundred millions digit of 323808362?
3
What is the ten thousands digit of 22342788?
4
What is the billions digit of 2040868037?
2
What is the tens digit of 86991377?
7
What is the tens digit of 35504929?
2
What is the hundred thousands digit of 2251589014?
5
What is the hundreds digit of 223865157?
1
What is the hundred thousands digit of 4745475276?
4
What is the units digit of 100720797?
7
What is the millions digit of 6503644?
6
What is the tens digit of 65123332?
3
What is the millions digit of 85434509?
5
What is the hundred thousands digit of 202128416?
1
What is the units digit of 7707762?
2
What is the hundred thousands digit of 82649539?
6
What is the hundreds digit of 59410510?
5
What is the units digit of 62858493?
3
What is the hundred millions digit of 619672679?
6
What is the thousands digit of 65816426?
6
What is the hundred thousands digit of 23198378?
1
What is the hundred millions digit of 876756075?
8
What is the hundred thousands digit of 27058930?
0
What is the hundred thousands digit of 606442129?
4
What is the ten thousands digit of 148929409?
2
What is the millions digit of 56252879?
6
What is the ten thousands digit of 95569939?
6
What is the hundreds digit of 603440260?
2
What is the hundred millions digit of 1268019457?
2
What is the hundred thousands digit of 7041485760?
4
What is the units digit of 223166845?
5
What is the hundreds digit of 111171370?
3
What is the hundred thousands digit of 420688762?
6
What is the hundred thousands digit of 655994378?
9
What is the ten millions digit of 86056470?
8
What is the units digit of 39143721?
1
What is the millions digit of 5575633897?
5
What is the hundred thousands digit of 119550602?
5
What is the hundred millions digit of 2339187360?
3
What is the ten thousands digit of 4604595420?
9
What is the hundred millions digit of 607928273?
6
What is the hundred thousands digit of 2703132?
7
What is the millions digit of 825334085?
5
What is the thousands digit of 1489877549?
7
What is the millions digit of 181160652?
1
What is the hundred millions digit of 249040051?
2
What is the thousands digit of 600494673?
4
What is the millions digit of 58422223?
8
What is the hundreds digit of 43382874?
8
What is the millions digit of 67185456?
7
What is the ten millions digit of 142223062?
4
What is the ten millions digit of 1242788720?
4
What is the hundred thousands digit of 910459302?
4
What is the units digit of 637987818?
8
What is the hundred thousands digit of 180491061?
4
What is the ten thousands digit of 39682891?
8
What is the units digit of 766801867?
7
What is the thousands digit of 1090465271?
5
What is the millions digit of 842801622?
2
What is the hundred thousands digit of 27686954?
6
What is the thousands digit of 161911806?
1
What is the millions digit of 888406407?
8
What is the ten millions digit of 203015970?
0
What is the millions digit of 323873882?
3
What is the ten thousands digit of 451809496?
0
What is the ten thousands digit of 88159552?
5
What is the thousands digit of 257296933?
6
What is the hundreds digit of 2648904732?
7
What is the hundreds digit of 1055246118?
1
What is the millions digit of 32713781?
2
What is the ten millions digit of 2168348345?
6
What is the tens digit of 13753428?
2
What is the ten millions digit of 258580209?
5
What is the units digit of 4534229498?
8
What is the ten millions digit of 139391706?
3
What is the ten thousands digit of 1125391114?
9
What is the millions digit of 3870974146?
0
What is the hundred millions digit of 1505297033?
5
What is the hundreds digit of 2647573157?
1
What is the ten millions digit of 25737392?
2
What is the ten millions digit of 3003174407?
0
What is the hundreds digit of 40078096?
0
What is the thousands digit of 2316320574?
0